{"id":7,"date":"2026-04-25T17:41:52","date_gmt":"2026-04-25T17:41:52","guid":{"rendered":"https:\/\/funny-allen.82-223-64-3.plesk.page\/?page_id=7"},"modified":"2026-04-25T18:01:55","modified_gmt":"2026-04-25T18:01:55","slug":"asociacion-nacional-de-peritos","status":"publish","type":"page","link":"https:\/\/funny-allen.82-223-64-3.plesk.page\/?page_id=7","title":{"rendered":"Asociaci\u00f3n Nacional de Peritos"},"content":{"rendered":"\n<h5 class=\"wp-block-heading\">Directiva Nacional<br><br>Presidente.- Doctor Don Manuel Mart\u00edn Morales Plaza. (Las Palmas)<br><br>Vicepresidente 1\u00ba.- Don Jos\u00e9 Mar\u00eda Ag\u00fceros Guevara. (Cantabria)<br><br>Vicepresidente 2\u00ba.- Don Antonio Monz\u00f3n L\u00f3pez. (Lanzarote)<br><br>Secretario General.- Don Leopoldo Manuel Fern\u00e1ndez Silva. (Las Palmas)<br><br>Directora General.- Do\u00f1a Aurora Lozano Guzm\u00e1n. (Las Palmas)<br><br>Vocal 1\u00ba.- Don Jaime Lozano Guzm\u00e1n. (Las Palmas)<br><br>Vocal 2\u00ba.- Don Antonio San Mart\u00edn Arana. Director General de \u00c1rea de Peritaciones. (Vizcaya)<br><br>Delegado en Catalu\u00f1a D. Francisco Javier L\u00e1zaro Ferre<br><br>Correo electr\u00f3nico:<br>Administraci\u00f3n:<a href=\"http:\/\/anpaj_laspalmas@hotmail.com\/\" target=\"_blank\" rel=\"noreferrer noopener\"><br>anpaj_laspalmas@hotmail.com<\/a><br><br>Secretario General:<a href=\"http:\/\/anpaj.secretario@gmail.com\/\" target=\"_blank\" rel=\"noreferrer noopener\"><br>anpaj.secretario@gmail.com<\/a><br><br>Presidente:<a href=\"http:\/\/anpaj.presidente@gmail.com\/\" target=\"_blank\" rel=\"noreferrer noopener\"><br>anpaj.presidente@gmail.com<\/a><br><br>Delegado Catalu\u00f1a:<a href=\"http:\/\/javierlazaro@administradorjudicial.es\/\" target=\"_blank\" rel=\"noreferrer noopener\"><br>javierlazaro@administradorjudicial.es<\/a><br><\/h5>\n\n\n\n<h2 class=\"wp-block-heading\">Los Fines de la Asociaci\u00f3n<\/h2>\n\n\n\n<p><br>CAP\u00cdTULO II<br><br>DE LOS FINES DE LA ASOCIACI\u00d3N<br><br>Art\u00edculo 4.- Los fines espec\u00edficos de la asociaci\u00f3n son:<br><br>a) Ejercer la representaci\u00f3n de la profesi\u00f3n en el \u00e1mbito nacional.<br><br>b) Ordenar la actividad de sus asociados velando por la \u00e9tica y dignidad profesional de los mismos y por la conciliaci\u00f3n de sus intereses con el inter\u00e9s social y los derechos de los usuarios.<br><br>c) Ejercer la facultad disciplinaria sobre los profesionales asociados en los t\u00e9rminos establecidos en los Estatutos sociales.<br><br>d) Adoptar las medidas necesarias para evitar y perseguir el intrusismo profesional y la competencia desleal dentro del \u00e1mbito de la profesi\u00f3n.<br><br>e) Establecer baremo de honorarios, que tendr\u00e1n car\u00e1cter meramente orientativo, sin perjuicio de la normativa de aplicaci\u00f3n sobre la defensa de la competencia, competencia desleal y publicidad.<br><br>f) Arbitrar o mediar, cuando las partes lo soliciten, en la resoluci\u00f3n de controversias sobre honorarios profesionales.<br><br>g) Adquirir y poseer toda clase de bienes, enajenarlos, gravarlos y administrarlos seg\u00fan convenga a los intereses y fines de la Asociaci\u00f3n.<br><br>h) Regular su r\u00e9gimen econ\u00f3mico y financiero estableciendo y exigiendo las aportaciones econ\u00f3micas de los asociados, tanto de acceso, como ordinarias y extraordinarias, y elaborando sus presupuestos anuales de ingresos y gastos, cuentas y liquidaciones presupuestarias.<br><br>i) Comparecer ante toda clase de tribunales y autoridades para ejecutar cuantas acciones, excepciones y peticiones estime convenientes en defensa de la profesi\u00f3n o de los fines e intereses legalmente encomendadas a la Asociaci\u00f3n.<br><br>j) Informarlos proyectos de las normas Estatales o de las Comunidades Aut\u00f3nomas que puedan afectar a la Asociaci\u00f3n o se refieran a los fines o funciones a ella encomendadas.<br><br>k) Participaren los \u00f3rganos consultivos de las Comunidades Aut\u00f3nomas cuando sea requerido o cuando as\u00ed lo establezca la normativa vigente.<br><br>l) Colaboraren los procedimientos judiciales y administrativos de las Comunidades Aut\u00f3nomas que afecten a materias de la competencia de la profesi\u00f3n.<br><br>m) Organizar cursos dirigidos a la formaci\u00f3n y perfeccionamiento profesional de los asociados.<br><br>n)Relacionarse y coordinarse con otros Colegios o Asociaciones profesionales, Consejos de Colegios, Federaci\u00f3n de Asociaciones u otras organizaciones o Instituciones afines con el Perito Administrador Judicial.<br><br>\u00f1) Intervenir, como mediador, en los conflictos profesionales que surjan entre los asociados, previa solicitud de los interesados. Ejercer funciones arb\u00edtrales en los asuntos que le sean sometidos, conforme a la legislaci\u00f3n general de arbitraje, as\u00ed como organizar, administrar, crear o patrocinar asociaciones de arbitraje.<br><br>o) Cumplir y hacer cumplir a los asociados las leyes en cuanto afecten a la profesi\u00f3n, as\u00ed como los estatutos, normas y decisiones adoptadas por los \u00f3rganos colegiados en asuntos de su competencia.<br><br>p) Organizar actividades y servicios comunes de car\u00e1cter profesional, cultural y an\u00e1logos que sean de inter\u00e9s para los asociados; as\u00ed como sistemas asistenciales, de previsi\u00f3n y de cobertura de posibles responsabilidades civiles contra\u00eddas por los mismos en el ejercicio profesional, todo ello conforme a las normas estatales de aplicaci\u00f3n.<br><br>q) Emitir los informes o dict\u00e1menes que le sean solicitados relativos a cuestiones que entren dentro de su competencia.<br><br>r) Visar los trabajos profesionales de conformidad con lo que disponga, en su caso, la normativa vigente.<br><br>s) Suscribir con las Comunidades Aut\u00f3nomas, otras entidades y organismos p\u00fablicos y privados, cuantos convenios estimen oportunos para la prestaci\u00f3n de los servicios y gestiones propios de su competencia.<br><br>t) Investigar y desarrollar las aplicaciones inform\u00e1ticas que, aprobadas por la Junta General, sirvan al desarrollo profesional de los Peritos Administradores Judiciales.<br><br>u) Cuantas otras funciones redunden en beneficio de los intereses profesionales de los asociados y se encaminen al cumplimiento de los fines de la asociaci\u00f3n.<\/p>\n","protected":false},"excerpt":{"rendered":"<p>Directiva Nacional Presidente.- Doctor Don Manuel Mart\u00edn Morales Plaza. (Las Palmas) Vicepresidente 1\u00ba.- Don Jos\u00e9 Mar\u00eda Ag\u00fceros Guevara. (Cantabria) Vicepresidente 2\u00ba.- Don Antonio Monz\u00f3n L\u00f3pez. (Lanzarote) Secretario General.- Don Leopoldo Manuel Fern\u00e1ndez Silva. (Las Palmas) Directora General.- Do\u00f1a Aurora Lozano Guzm\u00e1n. (Las Palmas) Vocal 1\u00ba.- Don Jaime Lozano Guzm\u00e1n. (Las Palmas) Vocal 2\u00ba.- Don Antonio [&hellip;]<\/p>\n","protected":false},"author":1,"featured_media":0,"parent":0,"menu_order":0,"comment_status":"closed","ping_status":"closed","template":"","meta":{"zakra_page_container_layout":"customizer","zakra_page_sidebar_layout":"customizer","zakra_remove_content_margin":false,"zakra_sidebar":"customizer","zakra_transparent_header":"customizer","zakra_logo":0,"zakra_main_header_style":"default","zakra_menu_item_color":"","zakra_menu_item_hover_color":"","zakra_menu_item_active_color":"","zakra_menu_active_style":"","zakra_page_header":true,"footnotes":""},"class_list":["post-7","page","type-page","status-publish","hentry"],"_links":{"self":[{"href":"https:\/\/funny-allen.82-223-64-3.plesk.page\/index.php?rest_route=\/wp\/v2\/pages\/7","targetHints":{"allow":["GET"]}}],"collection":[{"href":"https:\/\/funny-allen.82-223-64-3.plesk.page\/index.php?rest_route=\/wp\/v2\/pages"}],"about":[{"href":"https:\/\/funny-allen.82-223-64-3.plesk.page\/index.php?rest_route=\/wp\/v2\/types\/page"}],"author":[{"embeddable":true,"href":"https:\/\/funny-allen.82-223-64-3.plesk.page\/index.php?rest_route=\/wp\/v2\/users\/1"}],"replies":[{"embeddable":true,"href":"https:\/\/funny-allen.82-223-64-3.plesk.page\/index.php?rest_route=%2Fwp%2Fv2%2Fcomments&post=7"}],"version-history":[{"count":2,"href":"https:\/\/funny-allen.82-223-64-3.plesk.page\/index.php?rest_route=\/wp\/v2\/pages\/7\/revisions"}],"predecessor-version":[{"id":25,"href":"https:\/\/funny-allen.82-223-64-3.plesk.page\/index.php?rest_route=\/wp\/v2\/pages\/7\/revisions\/25"}],"wp:attachment":[{"href":"https:\/\/funny-allen.82-223-64-3.plesk.page\/index.php?rest_route=%2Fwp%2Fv2%2Fmedia&parent=7"}],"curies":[{"name":"wp","href":"https:\/\/api.w.org\/{rel}","templated":true}]}}